{"id":18,"date":"2020-05-11T17:04:08","date_gmt":"2020-05-11T17:04:08","guid":{"rendered":"http:\/\/brandschutz.studio\/?page_id=18"},"modified":"2025-12-03T14:46:30","modified_gmt":"2025-12-03T14:46:30","slug":"anfrage","status":"publish","type":"page","link":"https:\/\/brandschutz.studio\/?page_id=18","title":{"rendered":"KONTAKT"},"content":{"rendered":"\n<h2 class=\"alignwide has-accent-color has-text-color has-larger-font-size\" style=\"font-style:normal;font-weight:500;text-transform:uppercase\"><em>Nichts anbrennen lassen<\/em><\/h2>\n\n\n\n<div class=\"is-layout-flex wp-container-3 wp-block-columns alignwide\">\n<div class=\"is-layout-flow wp-block-column\">\n<h2><a href=\"mailto:info@brandschutz.studio\">info@brandschutz.studio<\/a><br>+49\u02d9(0)351\u02d98261\u02d999\u02d955<\/h2>\n<\/div>\n\n\n\n<div class=\"is-layout-flow wp-block-column\">\n<h2 class=\"has-normal-font-size\"><strong>DRESDEN<\/strong> |&nbsp;<a rel=\"noreferrer noopener\" href=\"https:\/\/goo.gl\/maps\/AQFXby3n5evny47a9\" target=\"_blank\">Glacisstr.7<\/a><br><strong>BERLIN<\/strong> |&nbsp;<a href=\"https:\/\/goo.gl\/maps\/4Koxb7doD6v8oVkG7\">Obentrautstr.31&nbsp;<\/a><\/h2>\n<\/div>\n<\/div>\n\n\n\n<div class=\"is-layout-constrained wp-block-group alignwide\"><div class=\"wp-block-group__inner-container\">\n<div class=\"is-layout-flex wp-container-4 wp-block-columns\"><\/div>\n<\/div><\/div>\n\n\n\n<p>Wir freuen uns darauf, Ihnen schnell und unkompliziert ein ma\u00dfgeschneidertes Angebot zu erstellen.<\/p>\n\n\n\n<p>Bitte nehmen Sie Kontakt mit uns auf und teilen Sie uns die Bruttogeschossfl\u00e4che, die geplante Nutzung, Informationen zum Denkmalschutz sowie den Standort mit. Alternativ k\u00f6nnen Sie uns auch direkt verf\u00fcgbare Planunterlagen und weiterf\u00fchrende Informationen per E-Mail zusenden. Wir stehen zur Verf\u00fcgung, um passende L\u00f6sung entwickeln.<\/p>\n","protected":false},"excerpt":{"rendered":"<p>Nichts anbrennen lassen info@brandschutz.studio+49\u02d9(0)351\u02d98261\u02d999\u02d955 DRESDEN |&nbsp;Glacisstr.7BERLIN |&nbsp;Obentrautstr.31&nbsp; Wir freuen uns darauf, Ihnen schnell und unkompliziert ein ma\u00dfgeschneidertes Angebot zu erstellen. Bitte nehmen Sie Kontakt mit uns auf und&hellip;<\/p>\n","protected":false},"author":1,"featured_media":0,"parent":0,"menu_order":0,"comment_status":"closed","ping_status":"closed","template":"","meta":[],"yoast_head":"<!-- This site is optimized with the Yoast SEO plugin v14.0.4 - https:\/\/yoast.com\/wordpress\/plugins\/seo\/ -->\n<title>KONTAKT - brandschutz.studio<\/title>\n<meta name=\"robots\" content=\"index, follow\" \/>\n<meta name=\"googlebot\" content=\"index, follow, max-snippet:-1, max-image-preview:large, max-video-preview:-1\" \/>\n<meta name=\"bingbot\" content=\"index, follow, max-snippet:-1, max-image-preview:large, max-video-preview:-1\" \/>\n<link rel=\"canonical\" href=\"https:\/\/brandschutz.studio\/?page_id=18\" \/>\n<meta property=\"og:locale\" content=\"de_DE\" \/>\n<meta property=\"og:type\" content=\"article\" \/>\n<meta property=\"og:title\" content=\"KONTAKT - brandschutz.studio\" \/>\n<meta property=\"og:description\" content=\"Nichts anbrennen lassen info@brandschutz.studio+49\u02d9(0)351\u02d98261\u02d999\u02d955 DRESDEN |&nbsp;Glacisstr.7BERLIN |&nbsp;Obentrautstr.31&nbsp; Wir freuen uns darauf, Ihnen schnell und unkompliziert ein ma\u00dfgeschneidertes Angebot zu erstellen. Bitte nehmen Sie Kontakt mit uns auf und&hellip;\" \/>\n<meta property=\"og:url\" content=\"https:\/\/brandschutz.studio\/?page_id=18\" \/>\n<meta property=\"og:site_name\" content=\"brandschutz.studio\" \/>\n<meta property=\"article:modified_time\" content=\"2025-12-03T14:46:30+00:00\" \/>\n<meta name=\"twitter:card\" content=\"summary_large_image\" \/>\n<script type=\"application\/ld+json\" class=\"yoast-schema-graph\">{\"@context\":\"https:\/\/schema.org\",\"@graph\":[{\"@type\":\"Organization\",\"@id\":\"https:\/\/brandschutz.studio\/#organization\",\"name\":\"BRANDSCHUTZ STUDIO\",\"url\":\"https:\/\/brandschutz.studio\/\",\"sameAs\":[],\"logo\":{\"@type\":\"ImageObject\",\"@id\":\"https:\/\/brandschutz.studio\/#logo\",\"inLanguage\":\"de\",\"url\":\"https:\/\/brandschutz.studio\/wp-content\/uploads\/2021\/02\/BRANDSCHUTZSTUDIO_LOGO-scaled.jpg\",\"width\":2560,\"height\":245,\"caption\":\"BRANDSCHUTZ STUDIO\"},\"image\":{\"@id\":\"https:\/\/brandschutz.studio\/#logo\"}},{\"@type\":\"WebSite\",\"@id\":\"https:\/\/brandschutz.studio\/#website\",\"url\":\"https:\/\/brandschutz.studio\/\",\"name\":\"brandschutz.studio\",\"description\":\"\",\"publisher\":{\"@id\":\"https:\/\/brandschutz.studio\/#organization\"},\"potentialAction\":[{\"@type\":\"SearchAction\",\"target\":\"https:\/\/brandschutz.studio\/?s={search_term_string}\",\"query-input\":\"required name=search_term_string\"}],\"inLanguage\":\"de\"},{\"@type\":\"WebPage\",\"@id\":\"https:\/\/brandschutz.studio\/?page_id=18#webpage\",\"url\":\"https:\/\/brandschutz.studio\/?page_id=18\",\"name\":\"KONTAKT - brandschutz.studio\",\"isPartOf\":{\"@id\":\"https:\/\/brandschutz.studio\/#website\"},\"datePublished\":\"2020-05-11T17:04:08+00:00\",\"dateModified\":\"2025-12-03T14:46:30+00:00\",\"inLanguage\":\"de\",\"potentialAction\":[{\"@type\":\"ReadAction\",\"target\":[\"https:\/\/brandschutz.studio\/?page_id=18\"]}]}]}<\/script>\n<!-- \/ Yoast SEO plugin. -->","_links":{"self":[{"href":"https:\/\/brandschutz.studio\/index.php?rest_route=\/wp\/v2\/pages\/18"}],"collection":[{"href":"https:\/\/brandschutz.studio\/index.php?rest_route=\/wp\/v2\/pages"}],"about":[{"href":"https:\/\/brandschutz.studio\/index.php?rest_route=\/wp\/v2\/types\/page"}],"author":[{"embeddable":true,"href":"https:\/\/brandschutz.studio\/index.php?rest_route=\/wp\/v2\/users\/1"}],"replies":[{"embeddable":true,"href":"https:\/\/brandschutz.studio\/index.php?rest_route=%2Fwp%2Fv2%2Fcomments&post=18"}],"version-history":[{"count":153,"href":"https:\/\/brandschutz.studio\/index.php?rest_route=\/wp\/v2\/pages\/18\/revisions"}],"predecessor-version":[{"id":1405,"href":"https:\/\/brandschutz.studio\/index.php?rest_route=\/wp\/v2\/pages\/18\/revisions\/1405"}],"wp:attachment":[{"href":"https:\/\/brandschutz.studio\/index.php?rest_route=%2Fwp%2Fv2%2Fmedia&parent=18"}],"curies":[{"name":"wp","href":"https:\/\/api.w.org\/{rel}","templated":true}]}}