{"id":10,"date":"2020-05-11T17:01:27","date_gmt":"2020-05-11T17:01:27","guid":{"rendered":"http:\/\/brandschutz.studio\/?page_id=10"},"modified":"2025-12-05T19:38:26","modified_gmt":"2025-12-05T19:38:26","slug":"studio","status":"publish","type":"page","link":"https:\/\/brandschutz.studio\/?page_id=10","title":{"rendered":"STUDIO"},"content":{"rendered":"\n<h2 class=\"alignwide has-accent-color has-text-color has-larger-font-size\" style=\"font-style:normal;font-weight:600;text-transform:uppercase\"><em>Z\u00fcndende Ideen<\/em><\/h2>\n\n\n\n<div class=\"is-layout-flex wp-container-3 wp-block-columns alignwide\">\n<div class=\"is-layout-flow wp-block-column\" style=\"flex-basis:33.33%\">\n<h3 class=\"has-large-font-size\"><strong><em>WIE WIR ARBEITEN<\/em><\/strong><\/h3>\n<\/div>\n\n\n\n<div class=\"is-layout-flow wp-block-column\" style=\"flex-basis:66.66%\">\n<p class=\"has-normal-font-size\">Wir arbeiten wie ein Studio: offen f\u00fcr Ideen, interdisziplin\u00e4r und entwurfsnah. Dieser Ansatz erlaubt uns, f\u00fcr jedes Projekt individuelle L\u00f6sungen zu entwickeln. <br>Unsere Arbeitsweise verbindet pr\u00e4zise Analyse mit kreativer Entwicklung. Wir pr\u00fcfen die rechtlichen und technischen Grundlagen und leiten daraus ma\u00dfgeschneiderte Konzepte ab, die Bestand respektieren und Zukunft erm\u00f6glichen.<\/p>\n\n\n\n<ul>\n<li><strong>Analytisch<\/strong> \u2013 fundiert, rechtssicher, nachvollziehbar<\/li>\n\n\n\n<li><strong>Kreativ<\/strong> \u2013 konzeptionell, minimalinvasiv <\/li>\n\n\n\n<li><strong>Pragmatisch<\/strong> \u2013 kostenbewusst und umsetzbar<\/li>\n\n\n\n<li><strong>Nachhaltig<\/strong> \u2013 ressourcenschonend und einfach<\/li>\n\n\n\n<li><strong>Ganzheitlich<\/strong> &#8211; zentral und integrativ<\/li>\n<\/ul>\n<\/div>\n<\/div>\n\n\n\n<div class=\"is-layout-flex wp-container-6 wp-block-columns alignwide\">\n<div class=\"is-layout-flow wp-block-column\" style=\"flex-basis:33.33%\">\n<h3 class=\"has-large-font-size\" style=\"text-transform:uppercase\"><strong><em>Wer wir sind<\/em><\/strong><\/h3>\n<\/div>\n\n\n\n<div class=\"is-layout-flow wp-block-column\" style=\"flex-basis:66.66%\">\n<p class=\"has-normal-font-size\">Brandschutz bedeutet f\u00fcr uns mehr als das reine Erf\u00fcllen von Vorschriften. Wir verstehen ihn als <strong>kreative Planungsaufgabe<\/strong>.<br>Brandschutz Studio verbindet architektonisches Verst\u00e4ndnis mit technischer Expertise. <\/p>\n\n\n\n<p class=\"has-normal-font-size\">Unser Schwerpunkt liegt auf dem Bauen im Bestand \u2013 dem Weiterdenken und Weiterbauen vorhandener Strukturen. Wir sehen Geb\u00e4ude nicht als Problemf\u00e4lle, sondern als R\u00e4ume voller M\u00f6glichkeiten.<\/p>\n<\/div>\n<\/div>\n\n\n\n<div class=\"is-layout-flex wp-container-9 wp-block-columns alignwide\">\n<div class=\"is-layout-flow wp-block-column\" style=\"flex-basis:33.33%\">\n<p>ANSPRECHPARTNER<\/p>\n<\/div>\n\n\n\n<div class=\"is-layout-flow wp-block-column\" style=\"flex-basis:66.66%\">\n<p><strong><em>M.Sc. M.Sc. freier Architekt Christian Stiller<\/em><\/strong><br>Als Sachverst\u00e4ndiger f\u00fcr vorbeugenden Brandschutz, Architekt und Urbanist liegt der Schwerpunkt von Christian Stiller auf der Arbeit an Sonderbauten im Bestand. Im Zentrum seiner T\u00e4tigkeit steht das Ziel, einfache L\u00f6sungen mit minimalinvasiven Methoden zu entwickeln.<\/p>\n\n\n\n<p><strong><a href=\"mailto:stiller@brandschutz.studio\" target=\"_blank\" rel=\"noreferrer noopener\">stiller@brandschutz.studio<\/a><\/strong><\/p>\n<\/div>\n<\/div>\n\n\n\n<p><\/p>\n\n\n\n<div class=\"is-layout-flex wp-container-12 wp-block-columns alignwide\">\n<div class=\"is-layout-flow wp-block-column\" style=\"flex-basis:33.33%\">\n<h3 class=\"has-large-font-size\" style=\"text-transform:uppercase\"><strong><em>F\u00fcr wen wir arbeiten<\/em><\/strong><\/h3>\n<\/div>\n\n\n\n<div class=\"is-layout-flow wp-block-column\" style=\"flex-basis:66.66%\">\n<p><strong>Wir haben deutschlandweit geplant f\u00fcr:<\/strong> <\/p>\n\n\n\n<ul>\n<li>Beh\u00f6rden und \u00f6ffentliche Einrichtungen<\/li>\n\n\n\n<li>Bildungs- und Wissenschaftseinrichtungen<\/li>\n\n\n\n<li>Theater-, Kultur- und Veranstaltungsbetriebe<\/li>\n\n\n\n<li>Kunst-, Kultur- und gemeinn\u00fctzige Vereine<\/li>\n\n\n\n<li>Hotelbetriebe und Gastronomie<\/li>\n\n\n\n<li>Tr\u00e4ger sozialer Einrichtungen<\/li>\n\n\n\n<li>Start-ups und innovative Bauvorhaben<\/li>\n\n\n\n<li>Gewerbetreibende und Einzelhandel<\/li>\n\n\n\n<li>Industrie- und Produktionsbetriebe, Anlagen der kritischen Infrastruktur<\/li>\n\n\n\n<li>Eigent\u00fcmer, Eigent\u00fcmergemeinschaften und Wohnungsbaugesellschaften<\/li>\n\n\n\n<li>Immobilienverwaltungen und Projektentwickler<\/li>\n\n\n\n<li>Architektur-, Ingenieur- und Planungsb\u00fcros<\/li>\n<\/ul>\n<\/div>\n<\/div>\n\n\n\n<div class=\"is-layout-flex wp-container-15 wp-block-columns alignwide\">\n<div class=\"is-layout-flow wp-block-column\">\n<h2 class=\"has-large-font-size\"><br><strong><a href=\"mailto:info@brandschutz.studio\">info@brandschutz.studio<\/a><br>+49\u02d9(0)351\u02d98261\u02d999\u02d955<\/strong><\/h2>\n<\/div>\n\n\n\n<div class=\"is-layout-flow wp-block-column\">\n<figure class=\"wp-block-image size-large is-resized\"><img decoding=\"async\" loading=\"lazy\" src=\"https:\/\/brandschutz.studio\/wp-content\/uploads\/2023\/05\/DGNB_Mitglied_VereinUZ-1024x311.png\" alt=\"\" class=\"wp-image-1291\" width=\"352\" height=\"107\" srcset=\"https:\/\/brandschutz.studio\/wp-content\/uploads\/2023\/05\/DGNB_Mitglied_VereinUZ-1024x311.png 1024w, https:\/\/brandschutz.studio\/wp-content\/uploads\/2023\/05\/DGNB_Mitglied_VereinUZ-300x91.png 300w, https:\/\/brandschutz.studio\/wp-content\/uploads\/2023\/05\/DGNB_Mitglied_VereinUZ-768x233.png 768w, https:\/\/brandschutz.studio\/wp-content\/uploads\/2023\/05\/DGNB_Mitglied_VereinUZ-540x164.png 540w, https:\/\/brandschutz.studio\/wp-content\/uploads\/2023\/05\/DGNB_Mitglied_VereinUZ-1080x328.png 1080w, https:\/\/brandschutz.studio\/wp-content\/uploads\/2023\/05\/DGNB_Mitglied_VereinUZ.png 1442w\" sizes=\"(max-width: 352px) 100vw, 352px\" \/><\/figure>\n<\/div>\n<\/div>\n\n\n\n<h2 class=\"alignwide has-large-font-size\"><\/h2>\n\n\n\n<div class=\"is-layout-flex wp-container-16 wp-block-columns alignwide\"><\/div>\n","protected":false},"excerpt":{"rendered":"<p>Z\u00fcndende Ideen WIE WIR ARBEITEN Wir arbeiten wie ein Studio: offen f\u00fcr Ideen, interdisziplin\u00e4r und entwurfsnah. Dieser Ansatz erlaubt uns, f\u00fcr jedes Projekt individuelle L\u00f6sungen zu entwickeln. Unsere&hellip;<\/p>\n","protected":false},"author":1,"featured_media":0,"parent":0,"menu_order":0,"comment_status":"closed","ping_status":"closed","template":"","meta":[],"yoast_head":"<!-- This site is optimized with the Yoast SEO plugin v14.0.4 - https:\/\/yoast.com\/wordpress\/plugins\/seo\/ -->\n<title>STUDIO - brandschutz.studio<\/title>\n<meta name=\"robots\" content=\"index, follow\" \/>\n<meta name=\"googlebot\" content=\"index, follow, max-snippet:-1, max-image-preview:large, max-video-preview:-1\" \/>\n<meta name=\"bingbot\" content=\"index, follow, max-snippet:-1, max-image-preview:large, max-video-preview:-1\" \/>\n<link rel=\"canonical\" href=\"https:\/\/brandschutz.studio\/?page_id=10\" \/>\n<meta property=\"og:locale\" content=\"de_DE\" \/>\n<meta property=\"og:type\" content=\"article\" \/>\n<meta property=\"og:title\" content=\"STUDIO - brandschutz.studio\" \/>\n<meta property=\"og:description\" content=\"Z\u00fcndende Ideen WIE WIR ARBEITEN Wir arbeiten wie ein Studio: offen f\u00fcr Ideen, interdisziplin\u00e4r und entwurfsnah. Dieser Ansatz erlaubt uns, f\u00fcr jedes Projekt individuelle L\u00f6sungen zu entwickeln. Unsere&hellip;\" \/>\n<meta property=\"og:url\" content=\"https:\/\/brandschutz.studio\/?page_id=10\" \/>\n<meta property=\"og:site_name\" content=\"brandschutz.studio\" \/>\n<meta property=\"article:modified_time\" content=\"2025-12-05T19:38:26+00:00\" \/>\n<meta property=\"og:image\" content=\"https:\/\/brandschutz.studio\/wp-content\/uploads\/2023\/05\/DGNB_Mitglied_VereinUZ-1024x311.png\" \/>\n<meta name=\"twitter:card\" content=\"summary_large_image\" \/>\n<script type=\"application\/ld+json\" class=\"yoast-schema-graph\">{\"@context\":\"https:\/\/schema.org\",\"@graph\":[{\"@type\":\"Organization\",\"@id\":\"https:\/\/brandschutz.studio\/#organization\",\"name\":\"BRANDSCHUTZ STUDIO\",\"url\":\"https:\/\/brandschutz.studio\/\",\"sameAs\":[],\"logo\":{\"@type\":\"ImageObject\",\"@id\":\"https:\/\/brandschutz.studio\/#logo\",\"inLanguage\":\"de\",\"url\":\"https:\/\/brandschutz.studio\/wp-content\/uploads\/2021\/02\/BRANDSCHUTZSTUDIO_LOGO-scaled.jpg\",\"width\":2560,\"height\":245,\"caption\":\"BRANDSCHUTZ STUDIO\"},\"image\":{\"@id\":\"https:\/\/brandschutz.studio\/#logo\"}},{\"@type\":\"WebSite\",\"@id\":\"https:\/\/brandschutz.studio\/#website\",\"url\":\"https:\/\/brandschutz.studio\/\",\"name\":\"brandschutz.studio\",\"description\":\"\",\"publisher\":{\"@id\":\"https:\/\/brandschutz.studio\/#organization\"},\"potentialAction\":[{\"@type\":\"SearchAction\",\"target\":\"https:\/\/brandschutz.studio\/?s={search_term_string}\",\"query-input\":\"required name=search_term_string\"}],\"inLanguage\":\"de\"},{\"@type\":\"ImageObject\",\"@id\":\"https:\/\/brandschutz.studio\/?page_id=10#primaryimage\",\"inLanguage\":\"de\",\"url\":\"https:\/\/brandschutz.studio\/wp-content\/uploads\/2023\/05\/DGNB_Mitglied_VereinUZ.png\",\"width\":1442,\"height\":438},{\"@type\":\"WebPage\",\"@id\":\"https:\/\/brandschutz.studio\/?page_id=10#webpage\",\"url\":\"https:\/\/brandschutz.studio\/?page_id=10\",\"name\":\"STUDIO - brandschutz.studio\",\"isPartOf\":{\"@id\":\"https:\/\/brandschutz.studio\/#website\"},\"primaryImageOfPage\":{\"@id\":\"https:\/\/brandschutz.studio\/?page_id=10#primaryimage\"},\"datePublished\":\"2020-05-11T17:01:27+00:00\",\"dateModified\":\"2025-12-05T19:38:26+00:00\",\"inLanguage\":\"de\",\"potentialAction\":[{\"@type\":\"ReadAction\",\"target\":[\"https:\/\/brandschutz.studio\/?page_id=10\"]}]}]}<\/script>\n<!-- \/ Yoast SEO plugin. -->","_links":{"self":[{"href":"https:\/\/brandschutz.studio\/index.php?rest_route=\/wp\/v2\/pages\/10"}],"collection":[{"href":"https:\/\/brandschutz.studio\/index.php?rest_route=\/wp\/v2\/pages"}],"about":[{"href":"https:\/\/brandschutz.studio\/index.php?rest_route=\/wp\/v2\/types\/page"}],"author":[{"embeddable":true,"href":"https:\/\/brandschutz.studio\/index.php?rest_route=\/wp\/v2\/users\/1"}],"replies":[{"embeddable":true,"href":"https:\/\/brandschutz.studio\/index.php?rest_route=%2Fwp%2Fv2%2Fcomments&post=10"}],"version-history":[{"count":197,"href":"https:\/\/brandschutz.studio\/index.php?rest_route=\/wp\/v2\/pages\/10\/revisions"}],"predecessor-version":[{"id":1417,"href":"https:\/\/brandschutz.studio\/index.php?rest_route=\/wp\/v2\/pages\/10\/revisions\/1417"}],"wp:attachment":[{"href":"https:\/\/brandschutz.studio\/index.php?rest_route=%2Fwp%2Fv2%2Fmedia&parent=10"}],"curies":[{"name":"wp","href":"https:\/\/api.w.org\/{rel}","templated":true}]}}